2) + 2/(-11). Suppose 0 = d + j*d - t. List the prime factors of d.
19
Let m(n) = -n**3 + 10*n**2 - 8*n - 12. Let a be m(9). What are the prime factors of 1*(a + 2) + 12?
11
Let m be 24/13 + 2/13. Let u be m*-1 + (8 - 4). Suppose 3*y - 4*f - 20 = 0, 0 = -11*y + 6*y - u*f + 16. List the prime factors of y.
2
Suppose 37*z - 810 = 34*z. What are the prime factors of z?
2, 3, 5
Let l(b) = 7*b - 1. Let d be l(10). Suppose -3*g = -d + 6. List the prime factors of g.
3, 7
Let q(k) = k**3 + 10*k**2 + 6*k - 6. What are the prime factors of q(-7)?
3, 11
Suppose 3*m = -w + 14, 4 = 3*w + m - 6. Let f = w + 2. Suppose -6*b = -f*b - 12. List the prime factors of b.
2, 3
Let u = 6 + 0. Suppose u + 2 = 2*l. What are the prime factors of l?
2
Suppose 6 - 76 = -5*d. Suppose 5*n = 2*z - d, z - 2*n + n - 4 = 0. List the prime factors of z.
2
Suppose 7*v - 81 = 143. What are the prime factors of v?
2
Let o = -47 - -122. What are the prime factors of o?
3, 5
Let f = -2 - 0. Let p = 4 + f. What are the prime factors of p?
2
Let d = -48 - -81. List the prime factors of d.
3, 11
Let n be -1*(-2)/(-1)*-101. Let r be n/6 - (-3)/9. Suppose -x + 3 = -j + 13, 4*j - r = -2*x. List the prime factors of j.
3
Suppose -8*u + 303 = -5*u. Suppose 0 = -2*k - 2*k + x + u, -3*k + 57 = 3*x. What are the prime factors of k?
2, 3
Let b be 0 + 4 + (2 - 1). Let g be (4 - 4)*(0 - 1). Suppose g = -b*f + 4 + 16. List the prime factors of f.
2
Suppose 90 = 3*c + c - 2*n, 5*c - 123 = -n. List the prime factors of c.
2, 3
Let q be 3/(3/(-11))*1. Let i be 3/9*(-4 - 5). Let a = i - q. What are the prime factors of a?
2
Suppose 0 = 2*k + 3*k - 1355. What are the prime factors of k?
271
Let b(r) = -8*r. Let u be b(-1). Let h be 2/u - 183/12. Let n = 24 + h. List the prime factors of n.
3
Let r be (-3 - -4)*1*65. What are the prime factors of r*-5*(-2)/25?
2, 13
Suppose -1106 = -3*y - 4*y. List the prime factors of y.
2, 79
Let v be 44 + 1/((-2)/4). Suppose 2*p = 2*b + v, 5*p - 1 - 84 = 4*b. Let u = -7 - b. List the prime factors of u.
13
Suppose -14*s = -16*s + 138. List the prime factors of s.
3, 23
Let y = 281 + -159. What are the prime factors of y?
2, 61
List the prime factors of 8/(-2)*(-1043)/14.
2, 149
Let m = -92 + 137. What are the prime factors of m?
3, 5
Suppose -d + 9 = 2*d. Let o be (0 - (d - 2)) + 1. Suppose -t = 3*y - 15, o = -3*t + 6*t - 9. List the prime factors of y.
2
Let g = -97 + 69. Let a be 8/g + (-4)/(-14). What are the prime factors of (9/(-1))/(a + -1)?
3
Let t = 613 + -394. What are the prime factors of t?
3, 73
Suppose -940 = -5*f - 4*s, 4*s - 2*s - 10 = 0. List the prime factors of f.
2, 23
Let r(m) = 4*m**2 + m. Let s = -5 + 10. Suppose -w + 4*b - b = -14, -s*b = 25. What are the prime factors of r(w)?
3
Let d(c) = 3*c**2 - 4*c + 3. What are the prime factors of d(4)?
5, 7
Let t = -3 + 45. List the prime factors of t.
2, 3, 7
Let g be (-2)/12 + (-26)/(-12). Suppose -g*m = -0*m - 4. List the prime factors of (56/(-16))/((-1)/m).
7
Let g = 9 + -4. Suppose -m + 3*m = 2*y + 12, -3*m = -g*y - 22. Suppose n + 4*z + 17 - m = 0, 2*n - 2*z - 24 = 0. List the prime factors of n.
7
Suppose 2*t + 0 = y + 1, 2*t = -y + 11. Let g(v) be the third derivative of v**4/12 - v**3/3 + v**2. What are the prime factors of g(t)?
2
Let l(v) = v**3 + 4*v**2 + 5. Let i be l(-4). Let d = i + 9. Let s = d + -7. What are the prime factors of s?
7
Let t = -5 - -3. List the prime factors of 110/8 - t/8.
2, 7
Let u = -20 + 21. Suppose -u = f - 0*f, 5*c = 4*f + 129. List the prime factors of c.
5
Let j be 4/(-3)*(-12)/(-2). Let c be (30/j)/((-12)/160). Suppose -5*a - 5*n = -c, 5 = 3*a + n - 15. List the prime factors of a.
5
What are the prime factors of 42/7*(-312)/(-9)?
2, 13
Suppose 3*p = 5*q + p - 201, -117 = -3*q + 3*p. What are the prime factors of q?
41
Let u(x) = 63*x**2 + 4*x - 3. List the prime factors of u(1).
2
Suppose 3*q = 1 + 11. What are the prime factors of q?
2
Let s = 7 + 49. Suppose -28 - s = -4*v. What are the prime factors of v?
3, 7
Suppose 0 = -3*s + 1 + 2. What are the prime factors of -1*14*(s - 2)?
2, 7
Let u(s) = -s**2 - s + 4. Let q be u(3). Let v be 4*(-2)/(q/(-3)). List the prime factors of -3*(3 - (-29)/v).
2, 5
Let c be 3700/30*6/5. Suppose 4*j + t = c, -3*j + t = -j - 68. What are the prime factors of j?
2, 3
Let w(s) = -s + 10. Let l be w(10). Let m be 2 + l + 1 + -4. List the prime factors of (-3)/((-9)/33) + m.
2, 5
List the prime factors of 187/5 - 4*(-3)/(-30).
37
Let k(n) = -5*n + 4. Let c be k(2). List the prime factors of ((-4)/(-3))/((-4)/c).
2
Suppose 0*t + t = -2. List the prime factors of t + (0 - -3) - -3.
2
Let k be 0 + (-80)/((-6)/(-3)). Let z = -78 - k. List the prime factors of z/(-1)*3/6.
19
Let s(n) = -n**3 + n**2 + 4*n + 3. What are the prime factors of s(-3)?
3
Suppose 5 = -4*j + 41. List the prime factors of j.
3
Suppose -5*s - 5*c = -s - 19, 4*c = -4*s + 20. Suppose 2*w - 105 = 5*z, 2*w - 2*z + 198 = s*w. What are the prime factors of w?
2, 5
Suppose -3*x - 2*j = -3*j + 11, -5*x = 3*j - 5. Let w = x + 17. What are the prime factors of w?
3, 5
Let n = -6 + 8. Let q = 6 - n. List the prime factors of q.
2
Let z(t) = t**2 - 2*t - 2. Let g be z(4). Suppose g*i - 195 = i. What are the prime factors of i?
3, 13
Let p(s) = -s**2 - s. Let k(g) = -g**3 - g**2 - 9. Let u(w) = -k(w) - 6*p(w). List the prime factors of u(-6).
3
Let b(h) = h + 8. List the prime factors of b(-5).
3
Let g(h) = h**3 + 5*h**2 - 8*h - 13. Let q be g(-6). List the prime factors of 31 + q*2/1.
29
Let s be 4/14 - 264/(-56). Suppose 40 = 4*d - 4*z, -s*d + 58 = -2*d + 4*z. What are the prime factors of d?
2, 7
Suppose -5*u + 12 = 2. Suppose -5*m = 20, 4*v = -u*m - 0*m. What are the prime factors of v?
2
Suppose 0 = -5*m - 0*m + 155. What are the prime factors of m?
31
Let y = 6 - 4. Let a be (-2)/y*-3*21. Suppose -b - a = -4*b. What are the prime factors of b?
3, 7
Let a be 1 - 1*(-2 + 1). List the prime factors of (a + -2 - 1) + 3.
2
Let j(c) = 3*c**2 + 2*c + 11. Let m be j(8). Suppose 0 = -4*q - 3*g - g - 456, -2*q + g - m = 0. List the prime factors of (-2)/8 - q/12.
3
Let v = 171 - -192. What are the prime factors of v?
3, 11
Let z be -5 + (-1 - (2 - 3)). Suppose -78 = -5*i - 3. Let y = z + i. List the prime factors of y.
2, 5
Let m(u) = 2*u**2 - 3*u. Let h = -9 - -13. What are the prime factors of m(h)?
2, 5
Let v = -39 + 73. What are the prime factors of v?
2, 17
Suppose 2 + 13 = 5*v. Suppose -s = -v - 19. Let b = 31 - s. What are the prime factors of b?
3
List the prime factors of 3/(-2) + 105/6.
2
Suppose -6 = 5*d + 3*l, 4*d + 3*l + 2*l + 10 = 0. Suppose 5 = 3*f - 4, 5*v + 3*f - 184 = d. Suppose -3*w = 2*w - v. What are the prime factors of w?
7
Suppose -5*d = -5, -6*t + 1087 = -t - 3*d. What are the prime factors of t?
2, 109
Suppose 5*y - 169 = -0*k - 3*k, 3*y + 293 = 5*k. Let w = -34 + k. Suppose -4*x - 4*f + f + 44 = 0, -2*x - f + w = 0. List the prime factors of x.
2, 7
Let b = 45 - 32. List the prime factors of b.
13
Let v(x) = 14*x - 7. Let o be v(6). Suppose 3 = 5*h - 22, 4*w + 5*h - o = 0. List the prime factors of w.
13
Let w be (-1)/(3/10)*3. Let p = 14 + w. List the prime factors of p.
2
Let k(i) = i**2 - 8*i - 7. Let p be k(9). List the prime factors of 42/4 + 1/p.
11
Suppose -2*w - h + 22 = h, 4*w = -3*h + 39. Suppose -w*u + 172 = -2*u. What are the prime factors of u?
43
Let d = -71 - -182. List the prime factors of d.
3, 37
Suppose 4*k + 4*n + 0*n + 68 = 0, 0 = -2*k - 5*n - 46. Suppose 3*t + 26 = 101. Let l = k + t. List the prime factors of l.
2, 3
Let t(s) = -s. Let d be t(-4). Let n be (-7 - -5)*(-10)/d. Suppose n*l + z = 31, -2*l - 4*z - 14 = -5*l. What are the prime factors of l?
2, 3
Let s(n) = 4*n. Let i be s(1). Suppose -w - 3*x = i*w - 1, 0 = 5*w + 2*x - 4. What are the prime factors of w?
2
Let x be 14/77 + (-62)/(-22). Let y(d) = d**3 - 4*d**2 + 2*d - 2. Let i be y(x). List the prime factors of (-6)/15 + (-67)/i.
13
Let l(c) = -c**3 + 9*c**2 - c - 5. Let w be l(9). Suppose 0 = 2*v - 5*h - 13 - 3, -5*h = 20. What are the prime factors of (3 + w)/(v - -1)?
11
Suppose -5 = 5*d - 165. Suppose -2*m + 37 = 5*g - 3*m, -4*g = -2*m - d. Suppose -5*p + 56 = -2*w, p + g*w - 22 = 2*w. What are the prime factors of p?
2, 3
Let b(r) = -3*r + 3 + 0*r - r. List